*o**l + 7*o - 3*o**3 + 3. Determine q(2).
7
Suppose 14 = 4*s + 3*s. Let d(k) be the third derivative of 1/24*k**4 - 1/60*k**5 + 0*k + 0 + 0*k**3 + k**s. Give d(0).
0
Let n(a) = 2*a**2 + 2*a + 1. Let m be n(-1). Let o be ((-4)/12)/(m/(-3)). Let q(d) = -10*d**2 + d. What is q(o)?
-9
Let i(w) be the first derivative of -w**3/3 + 5*w**2/2 - 5*w + 4. Determine i(4).
-1
Let w be (-4)/(-14) + 2/(-7). Suppose 0 = -3*g - 0 + 3. Let j(v) = 5 + 4*v + g - 5*v - v**2. What is j(w)?
6
Let d(n) = -n + 4. Let b be 49/(-4) - 1/(-4). Let r = -9 - b. Suppose -w + 0 = -r. Give d(w).
1
Let c = 18 - 33/2. Let a(l) be the first derivative of 1/3*l**3 - 3*l + c*l**2 - 1. What is a(-5)?
7
Let i(m) = 2 + m**2 - 1 + 217*m**3 - 218*m**3. Determine i(3).
-17
Let c(k) = -3*k - 7. Let q(b) = -b - 7. Let y be q(-9). Suppose y*o + 12 - 2 = 0. Determine c(o).
8
Let s(m) be the second derivative of m**4/12 + m**3/6 + m**2/2 + m. Let v be (0 - 1)/((-4)/(-8)). Let d = v - -2. Calculate s(d).
1
Let f(b) = -3*b + 1. Suppose -2*a + 5*j + 12 = 0, a - 3 = -4*a - j. Give f(a).
-2
Let r(k) = 3*k - 3. Let b = 46 + -49. What is r(b)?
-12
Let z(u) = u - 7. Suppose 0 + 5 = -5*j - 5*d, 2*d + 5 = -3*j. Let s(v) = v**3 + 4*v**2 + v. Let n be s(j). What is z(n)?
-1
Let q(r) = 3*r - 12. Let a be q(5). Suppose -5*w + a*w - 3*h + 6 = 0, w = 3*h - 6. Let f(o) = -o + 7. Give f(w).
7
Let l(r) = r**2 - 3*r + 2. Let i(t) = t - 6. Let g be i(6). Suppose -10*a + 7*a + 9 = g. Give l(a).
2
Let v(d) = d**2 - 5*d + 3. Let t be (-5 + 7)/((-2)/4). Let a be (-8 - -6)*t/2. Suppose -i = -3*x, 6*x = a*i + x - 7. Give v(i).
-3
Let m(z) = 10*z**3 - 4*z**2 - 12*z - 4. Let j(l) = 3*l**3 - l**2 - 4*l - 1. Let q(d) = -7*j(d) + 2*m(d). Determine q(-3).
5
Suppose 3*r - 2 = 5*s + 3, 3*s + 12 = 0. Let m = 8 + r. Let o(y) = -y**2 + 3*y. Calculate o(m).
0
Let y(x) = -x**3 - 5*x**2 - 6*x - 4. Let p be y(-4). Let m(c) = c + 5 - 2 + p*c + c. Determine m(-2).
-9
Let c = -8 + 7. Let n = -5 - c. Let q(g) = -g**2 - 3*g - 5. What is q(n)?
-9
Suppose 3*v - 77 = -t, -4*t - t = 2*v - 60. Suppose -q = 4*q + v. Let i(k) be the first derivative of -3*k**2/2 - 6*k + 11. Calculate i(q).
9
Let t(g) = -g**3 - 5*g**2 - g - 1. Let u(a) = -a**3 + 3*a**2 - 2*a + 1. Let w be u(3). Determine t(w).
4
Let n(t) be the first derivative of 3*t + 1/3*t**3 - t**2 + 1. What is n(2)?
3
Let y(q) be the third derivative of -q**5/12 + q**4/24 + 13*q**2. Determine y(1).
-4
Let l(x) = -x**3 - 11*x**2 - 10*x + 7. Let b be l(-10). Let r(i) = 10*i**2 - b*i**2 + 1 - 4*i**2 - 3*i - i. Determine r(-6).
-11
Suppose -r + 5*g = -8, 0 = 3*g + 3. Let w(o) = -o**2 - o + 3 + 1 - 4*o + r*o**2. Calculate w(3).
7
Let f(b) be the second derivative of -b**3/2 + b**2/2 + 5*b. Calculate f(-2).
7
Let r = -12 + 19. Suppose -2*w + r*w - 25 = 0. Let d(f) = -f**3 + 6*f**2 - 5*f - 7. Calculate d(w).
-7
Let h = 49 + -44. Let l(d) = d**2 + 5*d + d**2 - 3*d**2 - 6. Give l(h).
-6
Let v be (-2)/4 + (-2)/(-4). Let q(c) be the second derivative of -c**3/6 - 2*c**2 + 2*c. Calculate q(v).
-4
Let n(i) = -4*i. Let q = -32 - -33. What is n(q)?
-4
Suppose 2*a = -2*a + 4. Let b = 13 + -9. Let o(s) = s + 4. Let k(l) = l - 1. Let p(h) = b*k(h) + o(h). Give p(a).
5
Let k(f) = -2. Let g(y) = 2*y + 10. Let b(t) = -g(t) - 6*k(t). What is b(5)?
-8
Let r(v) = v**3 - 4*v**2 - 4*v - 5. Let j(o) be the second derivative of -2*o**3/3 - 7*o**2/2 - 4*o. Let h be j(-3). Calculate r(h).
0
Let n be (-6 + 5)/(2/8). Let g(c) = 5*c - 26. Let b(m) = -2*m + 9. Let y(u) = -8*b(u) - 3*g(u). Calculate y(n).
2
Let k(y) be the first derivative of -y**3/3 + 3*y**2 + 4*y - 17. Give k(7).
-3
Let a(z) = -2*z**2 + 3 - 3*z - 8*z - 4*z**2 - 4*z. Let f(b) = 3*b**2 + 7*b - 1. Let u(d) = 4*a(d) + 9*f(d). Determine u(-2).
9
Let l(b) = -4*b + 2. Let d(w) = -1. Let a(r) = -4*d(r) - l(r). Let f be (-2)/(-6) - 52/12. What is a(f)?
-14
Suppose -5*d - 9 = -0*d + m, -10 = 3*d - 4*m. Let w(p) be the third derivative of -p**6/120 - p**5/30 + p**4/12 + p**3/2 - 7*p**2. Give w(d).
-1
Let l(x) = 6*x - 4. Let j(c) = 5*c - 5. Let d(a) = 5*j(a) - 4*l(a). Suppose -2*f = 5*v - f - 55, 2*f = -4*v + 50. Suppose 2*i - v = -0. What is d(i)?
-4
Let x(d) be the first derivative of -d**2/2 + d + 15. Give x(3).
-2
Let m(k) be the second derivative of -k**3/2 - 7*k**2/2 - 4*k. Let i = -4 + -1. Give m(i).
8
Let o(v) be the first derivative of v**3/3 + v**2 + v + 8. Determine o(-1).
0
Let t(y) = y**2 + 4*y + 3*y**3 - 5*y - 4*y**3. Let c be (-1 - (1 + 1)) + 5. Calculate t(c).
-6
Let k(i) = -4 + 2 + 5*i - 9*i + 5*i. What is k(6)?
4
Let g(k) = 2*k + 4. Let o be g(0). Let m(a) = -a**2 + 6*a - 5. Determine m(o).
3
Let a(u) = -2*u - 2. Suppose -4*s - 15 = -9*s. Let y(g) = 2*g - 7. Let o(k) = -k + 3. Let m(p) = -13*o(p) - 6*y(p). Let t(r) = s*m(r) + 2*a(r). Determine t(-4).
9
Let x(a) be the first derivative of 0*a**3 + 0*a - 1/2*a**2 + 1/10*a**5 + 0*a**4 - 2. Let u(h) be the second derivative of x(h). Give u(1).
6
Let g(o) = o**3 + o**2 - o + 8. Let z(j) = 2*j + 6. Let r be z(-3). Give g(r).
8
Let g(b) be the second derivative of b**4/12 - b**3/3 + 21*b. What is g(-3)?
15
Let y = -180 + 185. Let w(z) be the first derivative of z**4/4 - 5*z**3/3 + 6*z - 2. Determine w(y).
6
Let y(i) be the third derivative of i**5/60 - i**4/4 + i**3/2 + 3*i**2. Let q be 4/(-2) - (-2 - 4). What is y(q)?
-5
Let g(l) = 2*l**3 - l**2 + 17*l + 7. Let q(n) = n**3 - n**2 + 9*n + 4. Let v(d) = -6*g(d) + 11*q(d). What is v(-3)?
-7
Let o(c) = c - 4. Let g(t) = 2*t - 26. Let d be g(10). Determine o(d).
-10
Let p(r) = -r**3 - 2*r**2 - r. Let b(d) = -d - 5. Let a be b(-5). Suppose 2*y - 4 = a, -2*y = -2*k + 3*k - 2. What is p(k)?
2
Let z(b) = 8*b**3 - b. Suppose -5*f + 76 = -89. Suppose -2*j - 2*r = 2, 3*j + 12 - f = 3*r. Suppose -1 - 2 = -j*s. Calculate z(s).
7
Let u(d) = -2*d - 1. Let x(c) = c**2 + 8*c + 9. Let s be x(-6). Let m = -5 - s. Determine u(m).
3
Let p(l) be the first derivative of 0*l - 1 - 1/2*l**2. Let m(a) = -2*a + 12. Let r be m(8). What is p(r)?
4
Let q be ((-42)/(-9))/((-2)/(-24)). Let d be ((-6)/(-8))/((-7)/q). Let x(w) = 7*w + 17. Let s(p) = 6*p + 16. Let o(r) = d*s(r) + 5*x(r). What is o(-5)?
-6
Let w(h) be the second derivative of 3*h**5/10 - h**4/12 + h**3/6 - 6*h. Give w(1).
6
Let w(a) be the third derivative of a**6/120 - a**5/10 + a**4/12 + a**2. Give w(6).
12
Let h be 1/(2/6 + 0). Let o = -9 + 11. Let g(w) = w - 4*w + o*w. What is g(h)?
-3
Let t = -6 - -7. Suppose -k - t = -2*k. Let o(v) = -4*v**3 + 1. What is o(k)?
-3
Let j be (12/(-10))/(1/(-5)). Suppose j = -4*d + 74. Let v(u) = -7*u + 2. Let f(g) = -20*g + 6. Let b(n) = d*v(n) - 6*f(n). Determine b(4).
2
Suppose -2 = 2*d - 3*d. Let u(q) = 4*q - 1 + q**d - 1 + 3 + 2*q. Give u(-6).
1
Let y(q) = 2*q - 6. Let a(u) be the first derivative of -u**2/2 + u + 1. Let l(w) = -5*a(w) - y(w). Let x = 35 - 37. Give l(x).
-5
Let r(w) be the third derivative of -w**4/24 + 2*w**3 + 7*w**2. Let a = 11 + -6. Calculate r(a).
7
Let r(m) = m**3 + 7*m**2 + 4*m - 7. Let q(g) = g**3 + 9*g**2 + 10*g + 10. Let o be q(-8). Calculate r(o).
5
Suppose -4*x - 14 = 2*k + x, 4*k + x - 8 = 0. Let f(l) = -l + 2*l + 0*l - k. Give f(-4).
-7
Let g be 2 + (-7 - (2 - 2)). Let a(k) = -2*k - 23. Let r be a(-17). Let y(p) = -2*p**2 - 5*p + 18 - r + p**2 - 4. Give y(g).
3
Let p(y) = -18*y**2 + 2*y - 1. Let t be p(1). Let x = t + 23. Let z(r) = 2*r + 3. Give z(x).
15
Let i(h) = 7*h - 3. Let n = 55 - 50. Let x(b) = 85*b - 5. Let m(w) = -14*w + 1. Let u(j) = 25*m(j) + 4*x(j). Let a(l) = n*u(l) + 7*i(l). Give a(-5).
9
Let l(i) be the third derivative of -i**6/360 - i**4/3 + 5*i**3/6 - 7*i**2. Let p(d) be the first derivative of l(d). Give p(0).
-8
Suppose -3*b - 5 = 1. Let h(k) = -2*k - 1. Let w be h(b). Let p(u) = 3*u - w*u**2 - 3 + 3*u + u**2. Give p(4).
-11
Let a be (-3)/2*170/(-15). Suppose -a = -4*z - 1. Let h(y) = y**3 - 3*y**2 - y - 4. What is h(z)?
8
Let m(u) = -50 + 23 - 3*u**2 - 3*u + 29 - u**3. Calculate m(-3).
11
Let u be 0 - 3 - (-1 - 8). Let g(y) = -y**2 + 8*y - 4. Calculate g(u).
8
Let o(p) = p**3 - p**2 + p. Suppose 4*h = 5 + 3. Suppose 0 = -h*u + 1 + 1. Let k be o(u). Let z(v) = -6*v**3 + 1. Give z(k).
-5
Let p(s) = 6 - 7 + 11 - s. What is p(0)?
10
Let p(i) = 3 + 8*i + 6*i**2 + 0 + i**3 + 0. Let n(f) = f**2 + f - 47. Let u be n(-7). Give p(u).
-12
